{"id":15,"date":"2015-04-16T19:31:08","date_gmt":"2015-04-16T17:31:08","guid":{"rendered":"http:\/\/fritz-computer.de\/wordpress\/?page_id=15"},"modified":"2017-01-28T11:59:39","modified_gmt":"2017-01-28T09:59:39","slug":"dienstleistungen","status":"publish","type":"page","link":"https:\/\/fritz-computer.de\/wordpress\/dienstleistungen\/","title":{"rendered":"Dienstleistungen"},"content":{"rendered":"<h3 style=\"text-align: center;\"><span style=\"font-family: Georgia;\">Ob vor Ort, bei uns im B\u00fcro oder \u00fcber Fernwartung!<\/span><\/h3>\n<p><strong><span style=\"font-family: Georgia;\">Wir bieten Ihnen:<br \/>\n<\/span><\/strong><\/p>\n<ul>\n<li><span style=\"font-family: Georgia;\">eine fachkundige, individuelle und pers\u00f6nliche Beratung sowie Dienstleistung;<\/span><\/li>\n<li><span style=\"font-family: Georgia;\">Verkauf und Neuinstallation sowie Planung und Bau von Komplettsystemen, Erweiterung, Komponentenaufr\u00fcstung, Treiberinstallation und Systemupdate; Aufspielen und Einrichten von Betriebssystemen;<\/span><\/li>\n<li><span style=\"font-family: Georgia;\">\u00dcberpr\u00fcfung, Optimierung und Fehlerbehebung, PC-Aufr\u00fcsten (Arbeitsspeicher, Prozessor, Festplatte etc.) sowie Anschlie\u00dfen und Konfigurieren Ihrer vorhandenen oder neuen Computerteile;<\/span><\/li>\n<li><span style=\"font-family: Georgia;\">Sicherung Ihrer kompletten Datenbest\u00e4nde sowie deren R\u00fccksicherung (ob auf Ihr repariertes oder auf Ihr neues System);<\/span><\/li>\n<li><span style=\"font-family: Georgia;\">Support sowie Tipps und Tricks im Umgang mit PC, Laptop und Software;<\/span><\/li>\n<li><span style=\"font-family: Georgia;\">Einrichtung und Anbindungen Ihres Internetanschlusses mit Wireless-LAN (Funk-LAN), ISDN sowie DSL;<\/span><\/li>\n<li><span style=\"font-family: Georgia;\">Anfertigung, Aktualisierung und Betreuung Ihrer Internetpr\u00e4senz;<\/span><\/li>\n<li><span style=\"font-family: Georgia;\">Virenschutz und -beseitigung;<\/span><\/li>\n<li><span style=\"font-family: Georgia;\">Aufbau und Einrichten von Telefonanlagen, von Faxger\u00e4ten, Nadel- und Tintendruckern, Laserdruckern;<\/span><\/li>\n<li><span style=\"font-family: Georgia;\">Netzwerke und Serverbetriebssysteme f\u00fcr klein- und mittelst\u00e4ndige Unternehmen, Betreuung von Kassen- und Hotelsystemen;<\/span><\/li>\n<li><span style=\"font-family: Georgia;\">Notfall- und Reparaturdienst.<\/span><\/li>\n<\/ul>\n<h4><span style=\"text-decoration: underline;\"><span style=\"font-family: Georgia;\">Sie haben einen Wunsch &#8211; Fragen Sie uns!<\/span><\/span><\/h4>\n<p><span style=\"font-family: Georgia;\">Wir stimmen alles Ihrem Wunsch und Ihrem Bedarf entsprechend ab.<\/span><\/p>\n<p><span style=\"font-family: Georgia;\">\u00a0<\/span><\/p>\n","protected":false},"excerpt":{"rendered":"<p>Ob vor Ort, bei uns im B\u00fcro oder \u00fcber Fernwartung! Wir bieten Ihnen: eine fachkundige, individuelle und pers\u00f6nliche Beratung sowie Dienstleistung; Verkauf und Neuinstallation sowie Planung und Bau von Komplettsystemen, Erweiterung, Komponentenaufr\u00fcstung, Treiberinstallation und Systemupdate; Aufspielen und Einrichten von Betriebssystemen; \u00dcberpr\u00fcfung, Optimierung und Fehlerbehebung, PC-Aufr\u00fcsten (Arbeitsspeicher, Prozessor, Festplatte etc.) sowie Anschlie\u00dfen und Konfigurieren Ihrer vorhandenen &hellip; <a href=\"https:\/\/fritz-computer.de\/wordpress\/dienstleistungen\/\" class=\"more-link\"><span class=\"screen-reader-text\">Dienstleistungen<\/span> weiterlesen<\/a><\/p>\n","protected":false},"author":3,"featured_media":0,"parent":0,"menu_order":0,"comment_status":"closed","ping_status":"closed","template":"","meta":{"jetpack_post_was_ever_published":false,"footnotes":""},"class_list":["post-15","page","type-page","status-publish","hentry"],"jetpack_sharing_enabled":false,"jetpack_shortlink":"https:\/\/wp.me\/P6nwqE-f","_links":{"self":[{"href":"https:\/\/fritz-computer.de\/wordpress\/wp-json\/wp\/v2\/pages\/15","targetHints":{"allow":["GET"]}}],"collection":[{"href":"https:\/\/fritz-computer.de\/wordpress\/wp-json\/wp\/v2\/pages"}],"about":[{"href":"https:\/\/fritz-computer.de\/wordpress\/wp-json\/wp\/v2\/types\/page"}],"author":[{"embeddable":true,"href":"https:\/\/fritz-computer.de\/wordpress\/wp-json\/wp\/v2\/users\/3"}],"replies":[{"embeddable":true,"href":"https:\/\/fritz-computer.de\/wordpress\/wp-json\/wp\/v2\/comments?post=15"}],"version-history":[{"count":5,"href":"https:\/\/fritz-computer.de\/wordpress\/wp-json\/wp\/v2\/pages\/15\/revisions"}],"predecessor-version":[{"id":119,"href":"https:\/\/fritz-computer.de\/wordpress\/wp-json\/wp\/v2\/pages\/15\/revisions\/119"}],"wp:attachment":[{"href":"https:\/\/fritz-computer.de\/wordpress\/wp-json\/wp\/v2\/media?parent=15"}],"curies":[{"name":"wp","href":"https:\/\/api.w.org\/{rel}","templated":true}]}}