{"id":2,"date":"2015-04-16T10:55:18","date_gmt":"2015-04-16T10:55:18","guid":{"rendered":"http:\/\/fritz-computer.de\/wordpress\/?page_id=2"},"modified":"2016-03-29T17:07:00","modified_gmt":"2016-03-29T15:07:00","slug":"produkte","status":"publish","type":"page","link":"https:\/\/fritz-computer.de\/wordpress\/produkte\/","title":{"rendered":"Produkte"},"content":{"rendered":"<h3 style=\"text-align: center;\"><span style=\"font-family: Georgia;\">Ob vor Ort, bei uns im B\u00fcro oder \u00fcber Fernwartung!<\/span><\/h3>\n<p><strong><span style=\"font-family: Georgia;\">In Anspruch nehmen d\u00fcrfen Sie uns unter anderem in den Bereichen:<\/span><\/strong><\/p>\n<ul>\n<li><span style=\"font-family: Georgia;\">Computer und Computersysteme;<\/span><\/li>\n<li><span style=\"font-family: Georgia;\">Notebooks;<\/span><\/li>\n<li><span style=\"font-family: Georgia;\">Drucker und Zubeh\u00f6r;<\/span><\/li>\n<li><span style=\"font-family: Georgia;\">Netzwerk- und Serverplanung sowie Aufbau;<\/span><\/li>\n<li><span style=\"font-family: Georgia;\">Internet- und DSL-Anschl\u00fcsse;<\/span><\/li>\n<li><span style=\"font-family: Georgia;\">Internetdienstleistungen;<\/span><\/li>\n<li><span style=\"font-family: Georgia;\">Telekommunikationsanlagen;<\/span><\/li>\n<li><span style=\"font-family: Georgia;\">Kassen-und Hotelsysteme;<\/span><\/li>\n<li><span style=\"font-family: Georgia;\">Software, von der Standard-Software bis hin zur speziellen, an Ihren Bedarf angepassten Branchenl\u00f6sung;<\/span><\/li>\n<li><span style=\"font-family: Georgia;\">Fahrtenbuch und Satellitenverortung &#8211; TravelControl;<\/span><\/li>\n<li><span style=\"font-family: Georgia;\">B\u00fcro- und Verbrauchsmaterial.<\/span><\/li>\n<\/ul>\n<h4><span style=\"text-decoration: underline;\"><span style=\"font-family: Georgia;\">Sie haben einen Wunsch &#8211; Fragen Sie uns!<\/span><\/span><\/h4>\n<p><span style=\"font-family: Georgia;\">Wir stimmen alles Ihrem Wunsch und Ihrem Bedarf entsprechend ab.<\/span><\/p>\n","protected":false},"excerpt":{"rendered":"<p>Ob vor Ort, bei uns im B\u00fcro oder \u00fcber Fernwartung! In Anspruch nehmen d\u00fcrfen Sie uns unter anderem in den Bereichen: Computer und Computersysteme; Notebooks; Drucker und Zubeh\u00f6r; Netzwerk- und Serverplanung sowie Aufbau; Internet- und DSL-Anschl\u00fcsse; Internetdienstleistungen; Telekommunikationsanlagen; Kassen-und Hotelsysteme; Software, von der Standard-Software bis hin zur speziellen, an Ihren Bedarf angepassten Branchenl\u00f6sung; Fahrtenbuch und &hellip; <a href=\"https:\/\/fritz-computer.de\/wordpress\/produkte\/\" class=\"more-link\"><span class=\"screen-reader-text\">Produkte<\/span> weiterlesen<\/a><\/p>\n","protected":false},"author":3,"featured_media":0,"parent":0,"menu_order":0,"comment_status":"closed","ping_status":"closed","template":"","meta":{"jetpack_post_was_ever_published":false,"footnotes":""},"class_list":["post-2","page","type-page","status-publish","hentry"],"jetpack_sharing_enabled":false,"jetpack_shortlink":"https:\/\/wp.me\/P6nwqE-2","_links":{"self":[{"href":"https:\/\/fritz-computer.de\/wordpress\/wp-json\/wp\/v2\/pages\/2","targetHints":{"allow":["GET"]}}],"collection":[{"href":"https:\/\/fritz-computer.de\/wordpress\/wp-json\/wp\/v2\/pages"}],"about":[{"href":"https:\/\/fritz-computer.de\/wordpress\/wp-json\/wp\/v2\/types\/page"}],"author":[{"embeddable":true,"href":"https:\/\/fritz-computer.de\/wordpress\/wp-json\/wp\/v2\/users\/3"}],"replies":[{"embeddable":true,"href":"https:\/\/fritz-computer.de\/wordpress\/wp-json\/wp\/v2\/comments?post=2"}],"version-history":[{"count":5,"href":"https:\/\/fritz-computer.de\/wordpress\/wp-json\/wp\/v2\/pages\/2\/revisions"}],"predecessor-version":[{"id":61,"href":"https:\/\/fritz-computer.de\/wordpress\/wp-json\/wp\/v2\/pages\/2\/revisions\/61"}],"wp:attachment":[{"href":"https:\/\/fritz-computer.de\/wordpress\/wp-json\/wp\/v2\/media?parent=2"}],"curies":[{"name":"wp","href":"https:\/\/api.w.org\/{rel}","templated":true}]}}